+ 10*s - 7. Give u(8).
9
Let l(r) = 2*r**2 + 13*r - 352. Determine l(-17).
5
Let y(n) = 8*n + 399. Give y(-50).
-1
Let s(f) = -f + 1. Determine s(2).
-1
Let m(q) = q**3 - 8*q**2 - 2*q - 12. Calculate m(7).
-75
Let b(o) = -42*o**3 - o**2 + 3*o - 2. Determine b(1).
-42
Let p(j) = -2*j - 4. What is p(-6)?
8
Let m(i) = 9*i + 27. Calculate m(-3).
0
Let y(d) = d**3 - 5*d**2 + 9*d - 9. Give y(6).
81
Let g(v) = 10*v + 246. Determine g(-24).
6
Let c(r) = 6*r**2 - 4*r - 3. Calculate c(-1).
7
Let y(f) = -8*f + 54. Calculate y(10).
-26
Let p(d) = 23*d + 279. Give p(-12).
3
Let x(w) = -w**3 + 5*w**2 - w - 6. Determine x(5).
-11
Let d(w) = -12*w - 2. Determine d(-2).
22
Let l(p) = 17*p + 49. Calculate l(-7).
-70
Let p(j) = j**2 - 19*j - 28. Determine p(20).
-8
Let j(v) = -v**2. Calculate j(5).
-25
Let s(i) = -i**3 + 16*i**2 - i + 10. What is s(16)?
-6
Let j(z) = -2*z - 5. Give j(-8).
11
Let f(h) = 12*h**2 - 14*h - 13. Give f(-1).
13
Let o(w) = -4*w**2 + 5*w - 4. Determine o(3).
-25
Let j(n) = -7*n**2 + 62*n + 12. Determine j(9).
3
Let y(j) = -2*j**2 - 14*j - 17. Determine y(-7).
-17
Let b(r) = 6*r + 23. Determine b(-10).
-37
Let u(o) = -o - 26. What is u(7)?
-33
Let w(l) = 5*l**3 + 51*l**2 + 10*l - 1. Give w(-10).
-1
Let p(o) = -o**3 + 2*o**2 - 4*o + 10. Determine p(0).
10
Let c(k) = k**2 + k + 1. Calculate c(-1).
1
Let m(p) = -4*p**2 + 18*p + 20. Determine m(6).
-16
Let f(d) = -41*d - 491. Determine f(-12).
1
Let l(h) = 4*h - 5. What is l(-6)?
-29
Let a(f) = f**2 - 8*f + 1. What is a(3)?
-14
Let b(h) = h**3 - 6*h**2 + 8*h - 17. Give b(6).
31
Let r(b) = b**3 - 3*b. Calculate r(-2).
-2
Let y(g) = -g**3 - 12*g**2 - 13*g + 16. What is y(-8)?
-136
Let y(a) = -a**3 + 8*a**2 - 5*a + 6. What is y(8)?
-34
Let o(f) = f**3 - 4*f**2 - f - 3. Determine o(4).
-7
Let g(t) = 2*t + 1. Determine g(0).
1
Let k(x) = -x**2 - 9*x + 14. Determine k(-11).
-8
Let j(b) = -b**3 + 23*b**2 + 114*b - 162. What is j(27)?
0
Let w(p) = 2*p**2 + 22*p + 40. Determine w(-10).
20
Let c(n) = n**3 + 7*n**2 - 2*n - 3. Calculate c(-7).
11
Let y(p) = p**3 + 17*p**2 - 9*p - 123. Determine y(-17).
30
Let d(g) = 2*g**3 + 12*g**2 - 13*g + 4. Determine d(-7).
-3
Let f(c) = -c**2 + 8*c - 9. Give f(4).
7
Let k(j) = -3*j**2 - 3*j + 2. Give k(-4).
-34
Let t(d) = 5*d + 25. Determine t(0).
25
Let p(j) = -75*j + 753. Calculate p(10).
3
Let i(n) = n**2 + 16*n + 30. What is i(-15)?
15
Let t(x) = -2*x - 23. Give t(0).
-23
Let l(g) = -25*g + 155. Determine l(6).
5
Let k(i) = -26*i + 11. Determine k(3).
-67
Let y(n) = 6*n - 6. Calculate y(0).
-6
Let t(o) = -o**2 - 102. What is t(0)?
-102
Let j(v) = 4*v + 9. Give j(-7).
-19
Let o(a) = a**3 + 6*a**2 + 8. Calculate o(-6).
8
Let c(p) = 12*p - 2. Give c(2).
22
Let b(s) = -4*s - 52. Give b(-11).
-8
Let c(q) = -q**3 + 4*q**2 + 11*q - 9. Determine c(6).
-15
Let n(b) = -b**2 + 6*b - 6. Give n(4).
2
Let t(s) = s**3 - 22*s**2 + 4. What is t(22)?
4
Let v(o) = o**3 + 23*o**2 + 3*o + 69. Calculate v(-23).
0
Let t(p) = p**3 + p**2 + p + 17. Determine t(0).
17
Let q(c) = 6*c - 20. Give q(5).
10
Let t(q) = q**3 + 19*q**2 - 21*q - 3. Give t(-20).
17
Let f(p) = 5*p**2 + 41*p - 31. Determine f(-9).
5
Let i(q) = 7*q - 28. Calculate i(5).
7
Let t(f) = -2*f**3 - 5*f**2 + 4*f + 1. Calculate t(-3).
-2
Let r(s) = -6*s + 12. Determine r(1).
6
Let b(o) = 4*o - 10. Calculate b(6).
14
Let g(u) = 73*u + 3. Determine g(1).
76
Let g(s) = -17*s + 367. Calculate g(21).
10
Let s(b) = -3*b**2 - 3*b + 7. Calculate s(4).
-53
Let g(l) = l**2 + 7*l - 222. What is g(12)?
6
Let k(u) = -9*u**2 + u + 2. Calculate k(2).
-32
Let b(t) = 9*t - 1. Give b(-3).
-28
Let p(a) = 2*a - 36. Give p(17).
-2
Let i(t) = 5*t + 24. What is i(-16)?
-56
Let z(d) = 13*d - 367. What is z(28)?
-3
Let n(d) = -d**3 + 2*d**2 + 4*d - 6. Determine n(4).
-22
Let u(i) = i**3 + 33*i**2 - 35*i - 32. What is u(-34)?
2
Let h(w) = w. What is h(-6)?
-6
Let h(m) = m**3 + 10*m**2 + 7*m - 13. What is h(-9)?
5
Let o(n) = -5*n + 34. Determine o(8).
-6
Let r(n) = 18*n - 59. What is r(10)?
121
Let i(m) = m**3 + 7*m**2 - 6*m + 14. Determine i(-8).
-2
Let l(i) = 9*i + 11. Calculate l(-5).
-34
Let a(f) = f**2 - 3*f - 2. What is a(0)?
-2
Let v(g) = -g**3 - 4*g**2 + 4*g - 2. Calculate v(3).
-53
Let c(y) = -3*y**2 - 55*y + 17. Give c(-19).
-21
Let z(i) = 5*i - 20. What is z(0)?
-20
Let y(m) = -m**3 + 7*m**2 + 13*m - 28. Determine y(8).
12
Let o(t) = -t**3 - 12*t**2 + 2*t + 3. Calculate o(-12).
-21
Let q(w) = w**3 + 2*w**2 - 11*w - 2. Calculate q(5).
118
Let t(i) = 5*i**3 + 2*i**2 - 1. Determine t(1).
6
Let g(b) = 37*b + 19. Give g(-1).
-18
Let j(l) = -l - 2. Determine j(4).
-6
Let f(m) = -m**2 - 2*m + 74. Calculate f(8).
-6
Let n(b) = -5*b**2. Give n(-1).
-5
Let a(o) = 31*o - 226. What is a(7)?
-9
Let l(q) = 14*q + 53. Determine l(-4).
-3
Let v(p) = 3*p**2 + 106*p - 61. Give v(-36).
11
Let x(d) = 7*d - 15. Calculate x(7).
34
Let c(w) = 4*w**2 + 5*w + 2. Determine c(-3).
23
Let d(g) = 6*g**2 + 7*g. Calculate d(-3).
33
Let x(l) = -l**3 - 10*l**2 - 23*l - 1. Determine x(-3).
5
Let m(d) = -d + 9. What is m(12)?
-3
Let w(m) = -2*m**2 + 16*m + 32. Calculate w(9).
14
Let f(l) = l**3 + 7*l**2 + 6*l - 7. Determine f(-6).
-7
Let t(w) = -w**3 + w**2 + 7*w - 4. Calculate t(3).
-1
Let i(y) = 10*y + 21. What is i(-4)?
-19
Let g(m) = 4*m - 29. Determine g(0).
-29
Let u(w) = 2*w + 9. What is u(10)?
29
Let z(i) = -i**2 + 8*i + 131. What is z(-8)?
3
Let u(c) = -c**2 + c - 11. What is u(3)?
-17
Let g(b) = -b - 53. Determine g(-42).
-11
Let w(g) = 10*g - 95. Calculate w(10).
5
Let q(k) = 4*k**2 - 5*k + 3. Determine q(2).
9
Let n(j) = -2*j - 1. What is n(7)?
-15
Let u(y) = -y**2 + 7*y + 9. Give u(9).
-9
Let k(t) = -t**3 + 16*t**2 - 15*t + 16. Calculate k(15).
16
Let k(b) = 48*b + 146. Determine k(-3).
2
Let v(m) = -5*m**3 - 2*m - 1. Calculate v(-1).
6
Let b(k) = k**3 + k**2 - k + 11. Calculate b(0).
11
Let l(p) = p**3 - 12*p**2 - 27*p - 12. Calculate l(14).
2
Let y(n) = -n**3 + 9*n**2 - 2*n + 14. What is y(9)?
-4
Let d(z) = 2*z**3 + 5*z**2 + 4*z - 4. Give d(-2).
-8
Let f(o) = 3*o - 10. What is f(10)?
20
Let y(p) = -p**3 - 5*p**2 + 3*p + 10. Determine y(-5).
-5
Let z(t) = t**3 - 10*t**2 - 43*t + 47. Calculate z(13).
-5
Let b(i) = 9*i + 40. Determine b(-4).
4
Let u(o) = -2*o**3 + o**2 - o - 1. Calculate u(-1).
3
Let r(k) = 6*k - 33. Give r(5).
-3
Let s(q) = -4*q + 106. Calculate s(25).
6
Let u(w) = w**3 + 3*w**2 + 1. Give u(-4).
-15
Let r(c) = -c**3 + 5*c**2 - 4*c - 7. Determine r(4).
-7
Let c(q) = -3*q**2 + 96*q - 108. Calculate c(31).
-15
Let t(m) = -m**2 + 18*m - 32. Give t(16).
0
Let f(r) = r**3 + 8*r**2 + 3*r - 24. Give f(-7).
4
Let t(x) = x**3 - 3*x**2. Determine t(-4).
-112
Let t(c) = c**2 + 5*c - 19. Determine t(-7).
-5
Let m(x) = 2*x - 9. Determine m(8).
7
Let m(u) = -5*u + 2. Give m(2).
-8
Let y(h) = -2*h + 7. What is y(6)?
-5
Let y(o) = 11*o - 20. Give y(-3).
-53
Let v(m) = -3*m**2 - 2*m + 3. Determine v(3).
-30
Let z(o) = o**3 + 8*o**2 + 9*o + 2. What is z(-7)?
-12
Let n(g) = -9*g - 4. Give n(-3).
23
Let r(p) = -3*p + 2. Give r(5).
-13
Let h(m) = -39*m - 5. Calculate h(-1).
34
Let w(q) = -q**3 + 9*q**2 + 1. Give w(9).
1
Let l(k) = -k**3 - 9*k**2 - 10*k + 9. Give l(-8).
25
Let d(w) = -2*w - 8. Give d(-7).
6
Let w(f) = -3*f**2 + 20*f. Give w(8).
-32
Let u(r) = r**2 - 6*r - 7. Calculate u(7).
0
Let x(v) = v**3 + 5*v**2 - 2*v + 16. Determine x(-6).
-8
Let f(u) = -u**3 - 4*u**2 + 3. Determine f(-4).
3
Let s(k) = 4*k + 4. Give s(-3).
-8
Let q(c) = -93*c - 1. Give q(1).
-94
Let r(q) = 18*q - 2. Give r(1).
16
Let n(k) = -34*k + 106. Determine n(3).
4
Let z(d) = 2*d**3 - 11*d**2 - 10*d + 10. Calculate z(6).
-14
Let l(r) = -r + 19. Give l(0).
19
Let t(g) = -2*g**2 + 16*g + 21. What is t(9)?
3
Let w(r) = 6*r - 8. Calculate w(3).
10
Let q(p) = 21*p + 900. Determine q(-43).
-3
Let b(o) = o**2 + 15*o + 6. What is b(-15)?
6
Let o(s) = 13*s - 6. Calculate o(1).
7
Let p(g) = -6*g + 52. Determine p(5).
22
Let r(f) = f**2 - 4*f - 8. What is r(6)?
4
Let a(f) = f**3 + 11. Determine a(4).
75
Let o(g) = -5*g**2 - 6*g - 5. Calculate o(-3).
-32
Let m(s) = s**2 + 5*s + 13. What is m(0)?
13
Let w(g) = g**3 - 8*g**2 + 10*g - 9. Give w(7).
12
Let v(j) = 2*j**2 + 14*j + 48. Give v(-6).
36
Let h(c) = c + 13. Give h(0).
13
Let n(x) = -x**3 - 10*x**2 + 10*x. Determine n(-11).
11
Let r(k) = 8*k 